+ 4*c**2 - 2. Let b be v(1). Let j be b/(1/(-1)) - 20/(-4). Suppose 2*t + j*k - 10 - 216 = 0, -254 = -2*t + 3*k. List the prime factors of t.
11
Let u = 58 - 44. Let h be (-51)/(-15) - u/35. Suppose -2*d = 3*d + 2*q - 521, 403 = 4*d - h*q. What are the prime factors of d?
103
Let m(z) = 693*z**2 + 26*z - 14. List the prime factors of m(3).
6301
Let v be (-4 + -2)*1/(-2). Suppose h = 3*l - 769, 0 = -v*l - 0*h - 5*h + 799. List the prime factors of l.
2, 3, 43
Suppose 20*t - 114590 = 53210. What are the prime factors of t?
2, 5, 839
Let k be ((-96)/(-28))/(-6) + 32/7. Suppose 1062 + 854 = k*n. List the prime factors of n.
479
Let v = 44 - -420. Suppose 2*n - v = 174. List the prime factors of n.
11, 29
Suppose 4*o + m - 18 = -0*m, -3*o = 2*m - 11. Suppose 3*d - p - 292 = 0, -o*d + d + 368 = 4*p. Suppose -3*r + d = -168. List the prime factors of r.
2, 11
Suppose 5*r - 30 = 0, -28*l - 3*r = -31*l + 100758. What are the prime factors of l?
2, 13, 17, 19
Suppose 9*h - 20 = 5*h. Suppose 4*q + 3*u - 22 = -2, -5*u + h = q. Suppose 0 = 4*s - q*f - 555, -s - 3*f - 417 = -4*s. What are the prime factors of s?
2, 5, 7
Let r be 15/2*921*4/18. Let j = r + -1070. Suppose -j = -6*g - 159. What are the prime factors of g?
3, 17
Let j be ((-4)/6)/((77/273)/(-11)). Suppose 5*r = t + 3297, 5*t - 3315 = j*r - 31*r. List the prime factors of r.
2, 3, 5, 11
Suppose v + 2*v - 417 = 0. Suppose -131*l - 4040 = -v*l. List the prime factors of l.
5, 101
What are the prime factors of (0 + (-3 - 1) + (-36)/(-8))*13688?
2, 29, 59
Suppose -28 = -5*q - 3*h, 13 = 4*q - 3*h - 4. List the prime factors of 12770/25*5/2 + q.
2, 641
Let z be 3/1*(-64)/(-48). Suppose z*r + 4*f = 52, -4*r = -4*f - 45 - 15. Suppose -s - r = -78. List the prime factors of s.
2
Let h(y) = -60*y + 1. Let b(z) = 2*z - 1. Let w be b(-3). List the prime factors of h(w).
421
Suppose 0 = 3*j - 1089 - 225. Let a = j - 222. Let u = -97 + a. What are the prime factors of u?
7, 17
Let l be (135/25 + -6)/((-1)/(-10)). List the prime factors of (32/10 + -2)/(l/(-2535)).
3, 13
Suppose -150*j = -296*j + 2182846. What are the prime factors of j?
14951
Let m(c) = 12 + 10 - 2*c - 28. Let y be m(-3). Suppose -5*s - 4*u + 615 = -2*u, -4*s + 3*u + 492 = y. What are the prime factors of s?
3, 41
Let w be (11/(-44))/((-3)/1452). What are the prime factors of (-68)/(-1)*w/22?
2, 11, 17
Let w = -47 + 61. Suppose 13*o + 65 = w*o. What are the prime factors of 5/((-5)/(-3)) + o?
2, 17
Let p = 163 + -292. Let w(z) = -8*z**2 + 175*z - 12. Let q be w(20). Let r = q + p. What are the prime factors of r?
3, 53
Let m(s) = -281*s + 300. Let n(v) = 842*v - 900. Let x(k) = 10*m(k) + 3*n(k). What are the prime factors of x(-6)?
2, 3, 167
Let k(n) = -64*n + 12. Suppose -95*u + 25 = -100*u. Let o be k(u). Suppose q - 2*w - 242 = 0, o = -3*q - 5*w + 1102. What are the prime factors of q?
2, 5
Suppose 3*h = -63*z + 58*z + 45206, -h = -4*z - 15046. What are the prime factors of h?
2, 17, 443
Suppose 28*w = 26*w - 7368. Let b = -2206 - w. What are the prime factors of b?
2, 739
Let s(d) = -3*d**3 - 5*d**2 + 2*d + 3. Let w be 38/(-5) + (-129)/(-215). List the prime factors of s(w).
773
Let y(s) = 156*s + 6284. What are the prime factors of y(68)?
2, 41, 103
What are the prime factors of 23085 + -172 + (-2 - 18)?
3, 13, 587
Let s = 14 - 10. Suppose -1292 = -3*b - 4*j + 90, 0 = b - 5*j - 486. Suppose b = 3*n + s. List the prime factors of n.
2, 7, 11
Let p be -32 - -6*(-8)/(-12). Let g be 333/21 - 4/p. List the prime factors of g + -2 - 2*12/8.
11
Let z be 4 - 8/((-56)/49). Suppose z*d - 707 = 668. What are the prime factors of d?
5
Suppose -911*i = -931*i + 237140. List the prime factors of i.
71, 167
Let y = 1938 - 2840. What are the prime factors of (-20 + 19)/(2 + y/450)?
3, 5
Suppose -5*x - 5*p = -5, 2*p = 3*x - 2*p - 24. Suppose -x*t + 716 = 2*f, -2*f = -4*t - t + 877. What are the prime factors of t?
3, 59
Let k(x) = -3*x + 92. Let h be k(23). Let r(p) = p**3 - 22*p**2 - 4*p - 7. List the prime factors of r(h).
2, 5, 43
Let b = 46654 + -22664. List the prime factors of b.
2, 5, 2399
Suppose 5*a + 20 = 0, 14782 = 3*m - 20*a + 19*a. What are the prime factors of m?
2, 3, 821
Let k = 168 - 164. Suppose -3*c - 50 = -k*c. List the prime factors of c.
2, 5
Let r(x) = -9*x - 25. Let q be r(-3). Let s be (9 + -10)/((-330)/164 + q). Let w = s - 22. List the prime factors of w.
2, 3, 5
Let j(b) = b**2 + 23*b - 25. Let r be j(-25). Suppose -3*l + 329 = 2*m, r = -13*m + 8*m. List the prime factors of l.
113
Let y = -204 - -212. List the prime factors of 262 + y/(-44) + 93/(-33).
7, 37
Suppose -5*v - 101 = 5*p + 159, 4*v - 2*p = -238. What are the prime factors of (20/(-6) + 1)*(-315 + v)?
2, 7, 31
Let k(x) = -x**3 - 4*x**2 + 3*x + 13. Let c be k(-4). Suppose -z + 4*b + 956 = 300, -b = c. List the prime factors of z.
2, 163
Suppose 0 = 3*o + 4*x - 28, 0*o + 4*o - 4*x = 0. Suppose -o*s = -5*z - 636, -2*z - s = -3*z - 127. Let h = z + 179. What are the prime factors of h?
3, 17
Let p(s) = 4344*s + 8628. What are the prime factors of p(7)?
2, 3, 3253
Let o(y) = -214*y - 9. List the prime factors of o(-34).
13, 43
Let s = 395 + -392. List the prime factors of (17 - (10 - s))*77.
2, 5, 7, 11
Let x(g) = g**2 + 5*g + 1. Let s be x(-5). Let c be 67*(-2*2/4 - s). Let j = -38 - c. List the prime factors of j.
2, 3
Let s = 5651 + -4677. What are the prime factors of s?
2, 487
Let d(t) = -t**2 + 12*t + 8. Let b be d(13). List the prime factors of 5*((-2895)/(-25) + b).
2, 277
Suppose 0 = -5*i - 3 + 23, l + 5*i = 15261. What are the prime factors of l?
15241
Suppose -2*t + 16*x - 19*x + 5930 = 0, 5*t = -5*x + 14825. What are the prime factors of t?
5, 593
Suppose -5*g + 4*h = -298257, 0 = -5*h - 30 - 10. What are the prime factors of g?
5, 79, 151
Let w(o) = 176*o - 641. List the prime factors of w(73).
3, 13, 313
Let f(q) be the third derivative of q**5/30 + q**4/8 - 5*q**3/3 - q**2. Suppose -b + 8 = 4*j, j = -2*b + 4*j - 28. List the prime factors of f(b).
2, 47
Let j be 4 + (-8 - -2 - -5)*1. Suppose 15*t - 5*z + 1583 = 17*t, -j*z + 2352 = 3*t. List the prime factors of t.
19, 41
Let z be (-33)/18 - 1250/(-1500). Suppose -3731 = -5*o - 2*w + 583, -1716 = -2*o - 4*w. List the prime factors of (z/(-2))/(((-16)/(-4))/o).
2, 3
Let u be ((-10)/5 - -2)/(-1). Let j(w) = w**2 - w + 765. Let r be j(u). Suppose 775 + r = 7*v. List the prime factors of v.
2, 5, 11
Let c = 9014 - 6103. List the prime factors of c.
41, 71
Let j(n) be the third derivative of -n**4/24 + 49*n**3/2 + 2*n**2 - 2. What are the prime factors of j(33)?
2, 3, 19
Let k(o) = 4*o**2 + 236*o - 554. List the prime factors of k(69).
2, 17387
Suppose -12 = -4*a, 165*b = 161*b - 3*a + 26537. List the prime factors of b.
2, 829
Suppose 2*n - 4 = 4*n - 5*f, 2*f - 24 = 4*n. Let o(w) = -25*w + 193. What are the prime factors of o(n)?
2, 23
Suppose -29*u - 41*u = 146779 - 2057499. What are the prime factors of u?
2, 853
What are the prime factors of 21576/9 + 56/84?
2, 11, 109
Let n = 613 - 366. Let k = -108 + n. Let h = 61 + k. What are the prime factors of h?
2, 5
Let c = 46 + -86. Let y(o) = -3*o - 82. List the prime factors of y(c).
2, 19
Let g = 3212 + 10799. List the prime factors of g.
14011
What are the prime factors of (3 + 1948/(-8))/((-11)/22)?
13, 37
What are the prime factors of (-12 + (22 - 7))*(-8)/(-6) - -44463?
53, 839
Let q(l) = -604*l - 3745. List the prime factors of q(-24).
13, 827
List the prime factors of 3/(-2)*(11 + 8 + 756575/(-15)).
75629
Let z = -12 + 10. Let o be (2/(-1))/(z/163). Suppose o = 2*a + 13. List the prime factors of a.
3, 5
What are the prime factors of (-14948)/(-4) - (6 - -7 - 10)?
2, 1867
Let c = 66 - 74. What are the prime factors of (9 + 116/c)*-370?
5, 11, 37
Suppose -225*n + 230*n - 2610 = 0. Suppose 0 = -9*d + 81 + n. List the prime factors of d.
67
Let b(j) be the second derivative of j**4/6 + j**3/3 - 20*j**2 - 38*j. Let m be b(-9). List the prime factors of (-1*m)/((-34)/51).
2, 3, 13
Let j = 27484 + -14147. What are the prime factors of j?
13337
Let i(a) = 114*a + 9388. What are the prime factors of i(0)?
2, 2347
Suppose 26*l - 21436 = 3*l. Let f = l - 68. What are the prime factors of f?
2, 3
Let u(k) = k**3 + 21*k**2 + 15*k + 47. Let n(m) = -3*m**3 - 44*m*